se n + 266 = k*h - 0*n, -3*h = -5*n - 399. Is h a composite number?
True
Suppose -n + 266 = -0*c + 5*c, 2*c = -2*n + 108. Is c composite?
False
Let h = 28 + -29. Suppose 255 = 3*u + 15. Is (h - (3 - 7)) + u composite?
False
Is 59 - (-1)/2*0 composite?
False
Let o = 0 + -2. Let i(c) = 23*c - 4. Let k(m) = -68*m + 13. Let l(a) = o*k(a) - 7*i(a). Is l(-3) a composite number?
True
Suppose 5*g = 6*g + r - 122, 3*r = 3*g - 396. Is g composite?
False
Let r = -111 - 313. Let l = -167 - r. Is l prime?
True
Let z = -56 - -87. Is z a prime number?
True
Let r be 1 - (3 + 1 + -3). Suppose 3*j = 5*k + 64 + 5, r = -5*k - 4*j - 48. Is (k/(-4))/((-3)/(-74)) a prime number?
False
Let f = 76 + 227. Is f a prime number?
False
Let z = -6 + 4. Is z + 2 + (221 - -2) composite?
False
Suppose -2*z - f = -535, -4*z - 2*f = 3*f - 1073. Is z composite?
True
Suppose -v + 44 = 3*v. Suppose -8*b - 33 = -v*b. Is b composite?
False
Let g = -84 + 200. Let h = 41 + g. Is h prime?
True
Let y(a) = a**2 - 4*a + 1. Let n be 115/15 + 2/(-3). Is y(n) a composite number?
True
Suppose 4*d = -g + 131, 2*g - 318 = 2*d - 36. Is g a prime number?
True
Let g(u) = 2*u - 12. Let n be g(8). Let i be (30/n)/(3/4). Let q = i - 0. Is q composite?
True
Suppose 53 = 2*p - 113. Suppose -2*h + 0*h = 4*g - 174, h + g = p. Is h a composite number?
False
Let r(c) = 459*c + 23. Is r(6) prime?
True
Suppose -558 = -4*l - 2*b, 5*l - b - 690 = -5*b. Suppose -2*z = -0*z - l. Is z composite?
False
Let b be 1/(-4) - (-73)/4. Is 552/54 + (-4)/b prime?
False
Let o(x) = x**3 + 13*x**2 + 12*x + 9. Is o(-11) prime?
False
Let z = -4 - -3. Let p be 1/(1 - z/(-2)). Suppose -p*k = 3*v - 145, 2*k + 0*v - 151 = -v. Is k a prime number?
False
Let t(w) = 100*w - 9. Is t(4) a composite number?
True
Suppose 3*f - 44 = -3*t + 2*f, -5 = 5*f. Is t composite?
True
Let c = -14 + 9. Is (-1659)/(-5) + 4/c prime?
True
Let j(w) be the third derivative of w**6/360 + w**5/40 - 7*w**4/24 - w**3/3 - 3*w**2. Let a(g) be the first derivative of j(g). Is a(-9) composite?
False
Let r = -4 - -2. Let l(k) = -77*k + 1. Is l(r) prime?
False
Suppose -3*h - 2*h = -365. Suppose 5*b - 5*v = 440, 2*v - h = -2*b + b. Is b a prime number?
True
Suppose 3*h = 576 + 231. Is h a composite number?
False
Let f(g) = -2*g**3 + 7 + 0*g**2 - 3*g - 3*g**2 - g + g**3. Let p be f(-5). Suppose c + 4*m - 37 = -4, 2*c - 3*m = p. Is c composite?
False
Let p = 31 - 45. Let z be 60/(-14) + p/(-49). Is (89/2)/((-2)/z) prime?
True
Let f(t) = 7*t**2 + 71 - 3*t**2 - 3*t**2. Is f(0) a composite number?
False
Let j(a) = 21*a**2 + 3*a - 7. Is j(4) a composite number?
True
Let q(m) = m - 1. Let t be q(5). Let u(h) = h**2 - 5*h + 4. Let r be u(6). Suppose -2*z + 20 = -4*s - r, 4*s + 56 = t*z. Is z a composite number?
False
Suppose -4*g + 3 = -13, 0 = -2*j - 5*g + 34. Is 1 + j + (-1 - 0) a composite number?
False
Suppose 4*g - 40 = -4*i, 30 = 4*g + 3*i - i. Let b(c) = 6*c + 1. Is b(g) a prime number?
True
Is (1 - (-1 - 0))/(90/175815) prime?
True
Suppose -3*m + 3*h = -12, 4*m - 30 = -0*m - 3*h. Is 506/m + 4/6 composite?
True
Let c(x) be the third derivative of -x**6/12 - x**5/20 + x**4/24 - x**3/6 + 5*x**2. Is c(-4) prime?
True
Suppose -3*k - 3*u = -8*u - 150, 3*k + 3*u = 174. Let b = k - -10. Is b a prime number?
False
Suppose 2*v = -2*x - 0*x + 18, 3*v + 4*x = 23. Let c(z) = z**2 - 3*z + 1. Is c(v) prime?
True
Let q(m) = 25*m + 1. Let b be q(-1). Is ((-510)/b)/(2/8) prime?
False
Suppose -2*f - 5*l + 69 = 0, -3*f + l + 41 = -20. Suppose 0 = v + 3*y - f, -y - 2 = 1. Is v prime?
True
Let r be (97/3 + 1)*6. Let g(l) = l**3 - l**2 - 2*l - 109. Let m be g(0). Let k = m + r. Is k a prime number?
False
Let k(p) = -p + 2. Let c be k(3). Let a = 2 - c. Suppose -f + 1 = 0, 3*u - a*f = -8*f + 71. Is u prime?
False
Let w be (-4)/(-12) - 11/(-3). Suppose 5*h + 0*h = -3*a - 8, 9 = -5*h - w*a. Is (h - 0)/(-1) - -48 a composite number?
True
Suppose 2*p - 961 = -203. Suppose 3*o = -2*m + p, 0 = 2*m - 0*m + 2. Is o prime?
True
Let p = -610 + 1195. Suppose -4*h + p = 13. Is h a prime number?
False
Is -1*(-255 + 1 + 3) a composite number?
False
Suppose 2*c - 338 = -5*n, -2*c - 2*n + 4*n = -324. Let v = -97 + c. Is v a composite number?
False
Let h(r) = r**2 + 3*r - 4. Let y be h(-4). Suppose y = -2*i - i - 3*u + 24, u - 5 = 0. Suppose 2*d = i*d - 119. Is d a composite number?
True
Let w be 1 - -2 - (-1 + 2). Is (-104 - w)/(0 + -2) a prime number?
True
Let l(n) = 3*n + 6. Let d be l(7). Suppose 2*u - 133 + d = 0. Is u a composite number?
False
Let d = 4 - 2. Suppose -q = d*q. Suppose 4*a + 23 = l - 2, q = 3*l + 5*a - 24. Is l composite?
False
Let i(b) = -2*b + 1. Let q be i(-1). Suppose -2*s = -q*g + 36, g = -2*s - 3*s - 5. Is 4/(-10) + 384/g prime?
False
Suppose -6*a = -3*a + 9. Let z be -2 - ((-9)/a - 9). Suppose -n = z*n - 665. Is n a prime number?
False
Is 12532/14 - ((-4)/14)/(-2) a composite number?
True
Is (-3)/(8/(-7) - -1) prime?
False
Is ((-6)/(-30)*-317)/((-1)/5) composite?
False
Suppose -110 = 8*i - 10*i. Is i prime?
False
Suppose -6*m + 11*m + 20 = 0. Let d(f) = -2*f**3 - 4*f**2 + f - 5. Is d(m) prime?
False
Let u = -112 + 215. Is u a composite number?
False
Let b(n) = -n**2 + 11*n + 3. Suppose -d + 9 = -2*z + 6*z, -3*z + 3 = -3*d. Suppose d = c - 4. Is b(c) prime?
False
Suppose -5*w + 1310 + 935 = 0. Is w a prime number?
True
Let f be -3*(-5)/3*2. Let b be ((-6)/(-15))/(2/f). Suppose 0 = -j + b*l + 115, 2*j - 6*j + 453 = -l. Is j composite?
False
Let t(f) = -f**3 - 3*f**2 + 8*f + 5. Let r be 28/6 - 1/(-3). Suppose -4*s - 4*l - 4 = -0, -r*l + 20 = 0. Is t(s) a prime number?
False
Let q be (-468)/(-20) + (-2)/5. Let y = -9 + q. Suppose -2*z - y = -3*z. Is z a prime number?
False
Let m = 105 - 193. Let j = 171 + m. Is j composite?
False
Let k(t) = 7*t + 6. Let l be k(-6). Let c = 10 - l. Is c a prime number?
False
Let l = 153 - 107. Is l prime?
False
Suppose 0*j = 4*j - 2*w - 150, 4*j = -w + 147. Is j prime?
True
Suppose -11939 = -4*n + 7065. Is n composite?
False
Let i = -1174 - -2423. Is i a prime number?
True
Suppose 3*b + 2 - 17 = 0. Suppose b*a + 0*a - 385 = 0. Is a a prime number?
False
Suppose 0 = -5*x + 32 - 2. Suppose -4*n + x*n - 382 = 0. Is n prime?
True
Suppose l - b - 363 - 926 = 0, -5*l - 4*b = -6481. Is l prime?
False
Let l(c) = 675*c - 5. Is l(2) a composite number?
True
Suppose 2*p + 4*k = 4, -4*p + 14 = k + k. Suppose j - 79 = -p*x, -5*x = 2*j - 3*j + 52. Is j a composite number?
False
Suppose -2*v = -4*h + 8258, -779 = 3*h - v - 6970. Is h composite?
True
Let z(p) = -p**2 + 17*p + 5. Let f be z(9). Suppose 5*g - 200 = 5*a, -2*g + 0*a + a + f = 0. Is g composite?
False
Let h be (-24)/(-14)*(-21)/(-6). Suppose 2*j = h*j - b + 763, 3*b - 177 = j. Let w = j + 319. Is w prime?
True
Suppose 3*k - 3*b - 143 = 2*k, -3*k + 449 = b. Is k composite?
False
Is (-4173)/(-4) + (-5)/20 a prime number?
False
Suppose 8 = 3*m + 2*m - t, -t + 2 = 5*m. Suppose 3*k = -m + 7. Suppose v = 3*v + 4*i - 110, k*i = v - 43. Is v a prime number?
False
Let c(l) = -l**3 - 5*l**2 - 3*l + 2. Let y be c(-4). Let q be y/(-2)*(-5)/(-1). Suppose -q*v + 3*g = -3*v - 155, -4*v + 317 = g. Is v composite?
False
Let q = -15 - -18. Suppose 0 = q*k + k - 1644. Is k a composite number?
True
Let k(i) = 30*i + 9. Let s be k(-6). Let b = 464 + s. Is b composite?
False
Let f = 506 - -35. Is f composite?
False
Let g = 2249 - 1570. Is g composite?
True
Is (-4 - (-14)/4)*-610 prime?
False
Is 2/(-1)*20/(-24)*1959 a prime number?
False
Suppose 4*o = -0*o + 1468. Suppose 2*q + 3*w - 906 - o = 0, 0 = 5*w - 5. Is q a prime number?
False
Let m = 7 - 3. Suppose m*b - 38 - 22 = 0. Is ((-10)/b)/(2/(-93)) prime?
True
Let f = -1 - 3. Let o be 298/4 + f/(-8). Suppose 0*h - o = -5*h. Is h a prime number?
False
Let c = 10 + -3. Suppose y = c - 3. Suppose y*d + 4 = 16. Is d a composite number?
False
Let h(y) = y**3 + 8*y**2 + y + 4. Let j be h(-8). Let l(f) = -f**3 - 3*f**2 + 5*f. Let g be l(j). Is (45/(-4) + 2)*g composite?
False
Let r be (-276)/(-30) + (-1)/5. Suppose 3*t + 3*c = r, t + 2*c - 3*c - 1 = 0. Is t prime?
True
Let m = 266 + -38. Let k = m - 137. Is k prime?
False
Let b(s) = -s**2 + 5*s - 2. Let d be b(4). Suppose 5*h + 3*i - 275 = 0, -d*h - i - 9 = -119. Is h a composite number?
True
Suppose 2*s + 6*q - 260 = 4*q, 0 = 5